{"id":1701,"date":"2021-09-20T14:40:53","date_gmt":"2021-09-20T12:40:53","guid":{"rendered":"https:\/\/martineroffinella.fr\/creations\/?page_id=1701"},"modified":"2025-03-27T16:22:09","modified_gmt":"2025-03-27T15:22:09","slug":"correction-revision","status":"publish","type":"page","link":"https:\/\/martineroffinella.fr\/creations\/correction-revision\/","title":{"rendered":"Auto-Entreprise"},"content":{"rendered":"\n<h2 class=\"wp-block-heading has-text-align-center has-medium-font-size\"><strong>Martine ROFFINELLA<\/strong><br>Correction &amp; R\u00e9vision de textes<br><a href=\"mailto:martineroffinella@gmail.com\" target=\"_blank\" rel=\"noreferrer noopener\">martineroffinella@gmail.com<\/a><\/h2>\n\n\n\n<p class=\"has-text-align-center\" style=\"font-size:24px\"><strong><span class=\"tadv-color\" style=\"color:#bf1c58\"><em>Principales exp\u00e9riences<\/em><\/span><\/strong><\/p>\n\n\n\n<p>POUR LE COMPTE DES \u00c9DITIONS LE MURMURE :<br><em>Castrations \u2013 Testicules et masculinit\u00e9s<\/em>, sous la dir. de Nahema <strong>Hanafi<\/strong>, essai, coll. \u00ab\u00a0Humanit\u00e9s\u00a0\u00bb, \u00e0 para\u00eetre en mai 2025.<\/p>\n\n\n\n<p>POUR LE COMPTE D&rsquo;EMMANUEL PIERRAT : <br><em>50 ans de faits divers<\/em>, \u00e9d. Christine Bonneton.<br><em>La Prison de verre <\/em><dfn><em>\u2013 Sexe, argent et politique<\/em>, <\/dfn>\u00e9d. Gallimard.<br><dfn><em>Quand les avocats font l\u2019histoire \u2013 de l\u2019Antiquit\u00e9 \u00e0 nos jours<\/em>,<\/dfn> \u00e9d. Albin Michel.<br><dfn><em>Justes causes, mauvais combats<\/em> \u2013 <\/dfn><em>Quand les luttes inclusives se font exclusives<\/em> (\u00e0 para\u00eetre).<br><dfn><em>Censur\u00e9s (Interdire, Indexer, Surveiller<\/em>)<em>,<\/em><\/dfn> \u00e9d. de l&rsquo;IMEC, coll. <dfn>\u00ab<\/dfn> Le lieu de l&rsquo;archive <dfn>\u00bb<\/dfn>.<br><dfn>Le Grand Livre de la censure, <\/dfn>\u00e9d. Plon.<br><dfn><em>L\u2019\u00c9rotisme pour les nuls<\/em>,<\/dfn> First \u00e9ditions.<br><dfn><em>La vie sexuelle des aventuriers<\/em>, <\/dfn>\u00e9d. du Tr\u00e9sor.<\/p>\n\n\n\n<p>POUR LE COMPTE DE F\u00c9LIX GUILLEMOT :<br><dfn><em>Le Pouvoir de Manifestation<\/em><\/dfn>, Daniel <strong>Tahl<\/strong> (sc\u00e9nario de vid\u00e9o).<br><dfn><em>Le Pouvoir de l\u2019intime conviction \u2013 La Th\u00e9orie du projecteur<\/em>, <\/dfn>Daniel <strong>Tahl<\/strong>, \u00e9d. Terre en Ciel.<\/p>\n\n\n\n<p>POUR LE COMPTE DES \u00c9DITIONS FLAMMARION :<br><dfn><em>Journal d\u2019un Ma\u00eetre<\/em><\/dfn>, Patrick <strong>Le Sage,<\/strong> r\u00e9cit.<\/p>\n\n\n\n<p>POUR LE COMPTE DES \u00c9DITIONS PHILIPPE AUZOU-LIDIS :<br><dfn><em>Astrologie<\/em> \u2013<\/dfn> 12 ouvrages (un par signe du zodiaque).<br><dfn><em>Les salades<\/em><\/dfn>, ouvrage de cuisine.<br><dfn><em>Invitation au pique-nique<\/em><\/dfn>, Angelika <strong>Ilies<\/strong>.<\/p>\n\n\n\n<p>POUR LE COMPTE DES \u00c9DITIONS PH\u00c9BUS :<br><dfn><em>Nous \u00e9tions des hommes<\/em><\/dfn>, Frederic <strong>Manning<\/strong> ; <dfn><em>Rien de rien<\/em><\/dfn>, Enzo <strong>Striano<\/strong> ;<dfn><em> \u00c0 marche forc\u00e9e<\/em><\/dfn>, Slavomir<strong> Rawicz<\/strong><dfn><em> ; Le Cheval bl\u00eame &#8211; Journal d\u2019un terroriste<\/em><\/dfn>, Boris <strong>Savinkov<\/strong> ;<dfn><em> Un doux parfum de mort<\/em><\/dfn>, Guillermo <strong>Arriaga<\/strong> ;<dfn><em> L\u2019\u00c9pouse rebelle<\/em><\/dfn>, Zsigmon <strong>M\u00f3ricz <\/strong>;<strong> <\/strong><dfn><em>Poussi\u00e8res<\/em><\/dfn>, Rosamond <strong>Lehmann <\/strong>;<dfn><em> Voix dans la nuit<\/em><\/dfn>, Frederic<strong> Prokosh<\/strong> ;<dfn><em> 8 heures de sursis<\/em><\/dfn>, F. L. <strong>Green<\/strong> ; <dfn><em>Les anges d\u00eenent au Ritz<\/em><\/dfn>, William <strong>Trevor<\/strong> ; <dfn><em>Le Pays du Dauphin Vert<\/em><\/dfn>, Elisabeth <strong>Goudge<\/strong> ; <dfn><em>L\u2019Espion du temps<\/em><\/dfn>, Marcelo <strong>Figueras<\/strong> ; <dfn><em>Une note de musique<\/em><\/dfn>, Rosamond <strong>Lehmann<\/strong> ; <dfn><em>Retour \u00e0 la rivi\u00e8re Kwa\u00ef (Souvenirs de la Seconde Guerre mondiale)<\/em><\/dfn>, Loet <strong>Velmans<\/strong> ; <dfn><em>Berlin sous la Baltique<\/em><\/dfn>, Hugo <strong>Hamilton<\/strong> ; <dfn><em>Une confession<\/em><\/dfn>, Maxime <strong>Gorki <\/strong>; <dfn><em>Chronique d\u2019un goulag ordinaire (1942-1955) \u2013<\/em><\/dfn> suivie de <dfn><em>Souvenirs d\u2019enfance<\/em><\/dfn>, Ariadna <strong>Efron<\/strong> ; <dfn><em>L\u2019H\u00f4tel de la lune oisive<\/em><\/dfn>, William <strong>Trevor<\/strong> ; <dfn><em>\u00c9trange Fruit<\/em><\/dfn>, Lillian <strong>Smith<\/strong> ; <dfn><em>Papa ou le Journal d\u2019Alicia Mir<\/em><\/dfn>, Vincente <strong>Huidobro<\/strong> ; <dfn><em>O-Yon\u00e9 et Ko-Haru (Saudade japonaise)<\/em><\/dfn>, Wesceslau <strong>de Moraes<\/strong> ; <dfn><em>Les Petites Filles<\/em><\/dfn>, Elisabeth <strong>Bowen<\/strong> ; <dfn><em>L\u2019\u00c2ge d\u2019Or et Jours de r\u00eave<\/em><\/dfn>, Kenneth <strong>Grahame<\/strong> ; <dfn><em>Ulle<\/em><\/dfn>, Vicki <strong>Baum<\/strong> ; <dfn><em>Le Monde infernal de Branwell Bront\u00eb<\/em><\/dfn> (essai) Daphn\u00e9 <strong>Du Maurier <\/strong>;<dfn><em><strong>&nbsp;<\/strong>Bont\u00e9 divine<\/em><\/dfn>, Elisabeth <strong>Crane<\/strong> ; <dfn><em>Un parfum de trahison<\/em><\/dfn>, David <strong>Donachie<\/strong> ; <dfn><em>Un long adieu<\/em><\/dfn>, Steven <strong>Carroll<\/strong> ; <dfn><em>Gloire, honneur et mauvais temps<\/em><\/dfn>, Jincy <strong>Willett<\/strong> ;<dfn><em> Le Marin de Dublin<\/em><\/dfn>, Hugo <strong>Hamilton<\/strong> ;<dfn><em> Animals<\/em><\/dfn>, Keith <strong>Ridgway<\/strong> ; <dfn><em>La B\u00e2tarde d\u2019Istanbul<\/em><\/dfn>, Elif <strong>Shafak<\/strong> ; <dfn><em>Un \u00e9ternel jeune homme<\/em><\/dfn>, Michael <strong>Bracewell<\/strong> ; <dfn><em>Mrs Parkington<\/em><\/dfn>, Louis <strong>Bromfield<\/strong> ; <dfn><em>La Splendeur des Amberson<\/em><\/dfn>, Booth<strong> Tarkington<\/strong> ; <dfn><em>Crimes c\u00e9l\u00e8bres<\/em><\/dfn>, vol. 1, 2 &amp; 3, Alexandre <strong>Dumas<\/strong> ; <dfn><em>Les Poup\u00e9es de cendre<\/em><\/dfn>, Tereska <strong>Torr\u00e8s<\/strong> ; <dfn><em>La Guerre des femmes<\/em><\/dfn>, Alexandre <strong>Dumas<\/strong> ; <dfn><em>Naples 44<\/em><\/dfn>, Norman <strong>Lewis<\/strong> ; <dfn><em>Les Romantiques allemands<\/em><\/dfn> (Anthologie), Armel <strong>Guerne<\/strong> ; <dfn><em>Le Chevalier de Sainte-Hermine<\/em><\/dfn>, Alexandre <strong>Dumas<\/strong> (pour 738 p.) ; <dfn><em>Mes M\u00e9moires<\/em><\/dfn>, Jane <strong>Avril <\/strong>\u2013&nbsp;suivi du<dfn><em> Cours de danse fin-de-si\u00e8cle<\/em><\/dfn>, \u00c9rast\u00e8ne <strong>Ramiro<\/strong> ; <dfn><em>Le M\u00e9decin de Tol\u00e8de<\/em><\/dfn>, Matt <strong>Cohen<\/strong> ; <dfn><em>En eaux troubles<\/em><\/dfn>, Roland<strong> Brival <\/strong>; <dfn><em>Nouvelles de l\u2019Est<\/em><\/dfn>, Sylvain <strong>Tesson<\/strong> ; <dfn><em>Femmes d\u2019Afghanistan<\/em><\/dfn>, Isabelle <strong>Delloye<\/strong> ; <dfn><em>Terres mortes \u2013 \u00c9gypte, Palestine<\/em><\/dfn>, Andr\u00e9 <strong>Chevrillon<\/strong> ; <dfn><em>Alter Ego<\/em><\/dfn>, <strong>W. W. <\/strong>; <dfn><em>Le Visiteur et autres nouvelles<\/em><\/dfn>, William <strong>Trevor <\/strong>; <dfn><em>La S\u00e9questr\u00e9e<\/em><\/dfn>, Charlotte <strong>Perkins Gilman<\/strong> ; <dfn><em>Hymnes \u00e0 la haine<\/em><\/dfn>, Dorothy <strong>Parker<\/strong> ; <dfn><em>La Cuisine des Flibustiers<\/em><\/dfn>, Melani <strong>Le Bris <\/strong>;<strong> <\/strong><dfn><em>Naufrages<\/em><\/dfn>, Francisco <strong>Coloane <\/strong>; <dfn><em>La Sorci\u00e8re d\u2019Exmoor<\/em><\/dfn>, Margaret <strong>Drabble<\/strong> ; <dfn><em>Souvenirs de ma vie<\/em><\/dfn>, Marguerite <strong>Moreno<\/strong> ; <dfn><em>Le Jour enseveli<\/em><\/dfn>, Rosamond <strong>Lehmann <\/strong>; <dfn><em>Apr\u00e8s la guerre<\/em><\/dfn>, Peter <strong>Mosskin <\/strong>; <dfn><em>Vive en guerre<\/em><\/dfn>, Myriam<strong> Gaume<\/strong> ; <dfn><em>Lucy<\/em><\/dfn>, William <strong>Trevor <\/strong>;<dfn><em> Un jour viendra<\/em><\/dfn>, Andr\u00e9 <strong>Dh\u00f4tel <\/strong>; <dfn><em>La For\u00eat sous la neige<\/em><\/dfn>, Roy <strong>Parvin <\/strong>; <dfn><em>La Phal\u00e8ne<\/em><\/dfn>, Margaret <strong>Drabble <\/strong>; <dfn><em>Augustus Carp Esq. par lui-m\u00eame<\/em><\/dfn>, Sir Henry <strong>Howarth Bashford <\/strong>; <dfn><em>Laissez-moi \u2013 Commentaire<\/em><\/dfn>, Marcelle <strong>Sauvageot<\/strong> ; <dfn><em>Le Singe, L\u2019Idiot et Autres Gens<\/em><\/dfn>, W. C. <strong>Morrow <\/strong>; <dfn><em>Visite \u00e0 Don Otavio \u2013 Tribulations d&rsquo;une romanci\u00e8re anglaise au Mexique<\/em><\/dfn>, Sybille <strong>Bedford <\/strong>; <dfn><em>Rue des Mal\u00e9fices \u2013 Chronique secr\u00e8te d\u2019une ville<\/em><\/dfn>, Jacques <strong>Yonnet<\/strong> ; <dfn><em>Que cherches-tu ?<\/em><\/dfn>, Antoinette <strong>Pesk\u00e9 <\/strong>; <dfn><em>L\u2019Escadron guillotine<\/em><\/dfn>, Guillermo <strong>Arriaga <\/strong>; <dfn><em>Sylvandire<\/em><\/dfn>, Alexandre <strong>Dumas <\/strong>; <dfn><em>Sang impur<\/em><\/dfn>, Hugo <strong>Hamilton <\/strong>(prix Femina \u00e9tranger 2004) ; <dfn><em>Trois mois de fi\u00e8vre<\/em><\/dfn>, Gary <strong>Indiana <\/strong>; <dfn><em>Aimez-moi<\/em><\/dfn>, Attila <strong>J\u00f3zsef <\/strong>(pour 300 p.) ; <dfn><em>Tibet or not Tibet<\/em><\/dfn>, P\u00e9ma <strong>Dordj\u00e9<\/strong>.<\/p>\n\n\n\n<div style=\"height:35px\" aria-hidden=\"true\" class=\"wp-block-spacer\"><\/div>\n\n\n\n<p class=\"has-text-align-center\"><strong><a class=\"maxbutton-12 maxbutton maxbutton-bouton-12\" target=\"_blank\" rel=\"noopener\" href=\"https:\/\/martineroffinella.fr\/creations\/wp-content\/uploads\/2025\/03\/CV-Roffinella.pdf\"><span class='mb-text'>T\u00e9l\u00e9charger<\/span><\/a><\/strong><\/p>\n\n\n\n<p><\/p>\n","protected":false},"excerpt":{"rendered":"<p>Martine ROFFINELLACorrection &amp; R\u00e9vision de textesmartineroffinella@gmail.com Principales exp\u00e9riences POUR LE COMPTE DES \u00c9DITIONS LE MURMURE :Castrations \u2013 Testicules et masculinit\u00e9s,&hellip;<\/p>\n","protected":false},"author":1,"featured_media":0,"parent":0,"menu_order":0,"comment_status":"closed","ping_status":"closed","template":"","meta":{"footnotes":""},"class_list":["post-1701","page","type-page","status-publish","hentry"],"_links":{"self":[{"href":"https:\/\/martineroffinella.fr\/creations\/wp-json\/wp\/v2\/pages\/1701","targetHints":{"allow":["GET"]}}],"collection":[{"href":"https:\/\/martineroffinella.fr\/creations\/wp-json\/wp\/v2\/pages"}],"about":[{"href":"https:\/\/martineroffinella.fr\/creations\/wp-json\/wp\/v2\/types\/page"}],"author":[{"embeddable":true,"href":"https:\/\/martineroffinella.fr\/creations\/wp-json\/wp\/v2\/users\/1"}],"replies":[{"embeddable":true,"href":"https:\/\/martineroffinella.fr\/creations\/wp-json\/wp\/v2\/comments?post=1701"}],"version-history":[{"count":38,"href":"https:\/\/martineroffinella.fr\/creations\/wp-json\/wp\/v2\/pages\/1701\/revisions"}],"predecessor-version":[{"id":2308,"href":"https:\/\/martineroffinella.fr\/creations\/wp-json\/wp\/v2\/pages\/1701\/revisions\/2308"}],"wp:attachment":[{"href":"https:\/\/martineroffinella.fr\/creations\/wp-json\/wp\/v2\/media?parent=1701"}],"curies":[{"name":"wp","href":"https:\/\/api.w.org\/{rel}","templated":true}]}}