{"id":189,"date":"2020-04-27T01:08:01","date_gmt":"2020-04-26T23:08:01","guid":{"rendered":"https:\/\/martineroffinella.fr\/creations\/?page_id=189"},"modified":"2025-03-29T16:14:11","modified_gmt":"2025-03-29T15:14:11","slug":"mentions-legales","status":"publish","type":"page","link":"https:\/\/martineroffinella.fr\/creations\/mentions-legales\/","title":{"rendered":"Mentions l\u00e9gales"},"content":{"rendered":"\n<p>Le site martineroffinella.fr\/creations est l&rsquo;espace officiel de l&rsquo;\u00e9crivaine Martine Roffinella. <br><br><strong>\u00c9ditrice et responsable du site : <\/strong><br>Martine Roffinella<br>131 all\u00e9e Marie des Lions<br>Jardins de la Palme d&rsquo;Or<br>83400 Hy\u00e8res<br>martineroffinella[arobase]gmail.com<br>Siret : 38457121200040<br><br><strong>H\u00e9bergeur :<\/strong><br>Annexe du blog martineroffinella.fr, il est \u00e9galement h\u00e9berg\u00e9 par la soci\u00e9t\u00e9 : <br>OVH SAS, <br>140 quai de Sartel, <br>59100 Roubaix<br>Si\u00e8ge social : 2 Rue Kellermann, 59100 Roubaix<br>Siret : 424 761 419 00045<\/p>\n\n\n\n<p><strong>Illustrations et droits d&rsquo;auteur :<br><\/strong><\/p>\n<p>Tout le contenu textuel de ce site est la propri\u00e9t\u00e9 de Martine Roffinella. <br>Les photos et illustrations de son travail de photographie, affich\u00e9 dans les diff\u00e9rentes galeries sur ce site, sont sa propri\u00e9t\u00e9. <br>Pour toute utilisation, merci de demander directement via le formulaire de Contact. Une citation peut-\u00eatre utilis\u00e9e si elle est \u00e9videmment mise entre guillemets et la source cit\u00e9e.<\/p>\n\n\n\n<p><strong>Politique de confidentialit\u00e9 (RGPD) :<br><\/strong><\/p>\n<p>Ce site g\u00e8re des messages envoy\u00e9s via un formulaire de contact, ainsi que les donn\u00e9s recueillies lors d&rsquo;un message laiss\u00e9 sur le Livre d&rsquo;Or.&nbsp; Tout utilisateur-trice peut \u00e0 tout moment demander la suppression de ses donn\u00e9es.<br><br>Cookies : le cookie utilis\u00e9 ne comprend aucune donn\u00e9e personnelle. Il indique simplement l\u2019ID de la publication que vous venez de laisser ou de modifier. Il expire au bout d\u2019un jour. <br>Si vous envoyez un message via le formulaire de contact, il vous sera propos\u00e9 d\u2019enregistrer votre nom (mais un pr\u00e9nom ou un pseudo est aussi possible) et votre adresse de messagerie dans des cookies. C\u2019est uniquement pour votre confort afin de ne pas avoir \u00e0 saisir ces informations si vous envoyez un autre message plus tard. Ces cookies expirent au bout d\u2019un an. <br>M\u00eame op\u00e9ration pour la page du Livre d&rsquo;Or o\u00f9, pour commenter, vous devrez laisser nom, adresse email (et \u00e9ventuellement une adresse de site web).<\/p>\n<p>Ce site utilise uniquement WP-Statistics pour suivre le trafic (page visit\u00e9es) et seulement. Ces donn\u00e9es minimes, sont uniquement destin\u00e9es aux statistiques de fr\u00e9quentation du site et ne sauraient \u00eatre utilis\u00e9es d&rsquo;aucune autre mani\u00e8re ni vendues \u00e0 un tiers.<br>Lorsque vous arrivez sur le site, une petite banni\u00e8re plac\u00e9e en bas, vous informe de la pr\u00e9sence de cookies. Si vous acceptez, vous cliquez sur \u00ab\u00a0Oui\u00a0\u00bb, les donn\u00e9es sont supprim\u00e9es au bout d&rsquo;un mois. Si vous refusez, vous cliquez sur \u00ab\u00a0Non\u00a0\u00bb, les donn\u00e9es disparaissent au bout d&rsquo;une heure.<\/p>\n\n\n\n<p><\/p>\n","protected":false},"excerpt":{"rendered":"<p>Le site martineroffinella.fr\/creations est l&rsquo;espace officiel de l&rsquo;\u00e9crivaine Martine Roffinella. \u00c9ditrice et responsable du site : Martine Roffinella131 all\u00e9e Marie&hellip;<\/p>\n","protected":false},"author":1,"featured_media":0,"parent":0,"menu_order":0,"comment_status":"closed","ping_status":"closed","template":"","meta":{"footnotes":""},"class_list":["post-189","page","type-page","status-publish","hentry"],"_links":{"self":[{"href":"https:\/\/martineroffinella.fr\/creations\/wp-json\/wp\/v2\/pages\/189","targetHints":{"allow":["GET"]}}],"collection":[{"href":"https:\/\/martineroffinella.fr\/creations\/wp-json\/wp\/v2\/pages"}],"about":[{"href":"https:\/\/martineroffinella.fr\/creations\/wp-json\/wp\/v2\/types\/page"}],"author":[{"embeddable":true,"href":"https:\/\/martineroffinella.fr\/creations\/wp-json\/wp\/v2\/users\/1"}],"replies":[{"embeddable":true,"href":"https:\/\/martineroffinella.fr\/creations\/wp-json\/wp\/v2\/comments?post=189"}],"version-history":[{"count":4,"href":"https:\/\/martineroffinella.fr\/creations\/wp-json\/wp\/v2\/pages\/189\/revisions"}],"predecessor-version":[{"id":2310,"href":"https:\/\/martineroffinella.fr\/creations\/wp-json\/wp\/v2\/pages\/189\/revisions\/2310"}],"wp:attachment":[{"href":"https:\/\/martineroffinella.fr\/creations\/wp-json\/wp\/v2\/media?parent=189"}],"curies":[{"name":"wp","href":"https:\/\/api.w.org\/{rel}","templated":true}]}}